et p = c - q. List the prime factors of p.
2
Suppose -z - 3 = -0*z, 2*y = -5*z + 23. Suppose -2*v + y = -11. List the prime factors of v.
3, 5
Let x be (2*-4)/(-5 - -3). List the prime factors of (2/(-2))/(x/(-24)).
2, 3
Suppose -t = -d + 34, -2*d - 3*t = 2*t - 103. Let l = -17 + d. List the prime factors of l.
2, 11
Suppose 0*z = k + 2*z - 14, 0 = -4*z. List the prime factors of k.
2, 7
Let k(a) = -2*a + 4. Let x be k(3). Let o(l) = -3*l**2 - 4*l - 3. Let r be o(x). Let y(v) = v**3 + 8*v**2 + 7*v + 3. What are the prime factors of y(r)?
3
Let l = -26 + 40. What are the prime factors of 10/(-35) + 74/l?
5
Let t = 0 - -5. Let z(y) = -1189*y**2 + 1184*y**2 + y + y**3 + y. What are the prime factors of z(t)?
2, 5
List the prime factors of (-44)/(-24)*-4*-3.
2, 11
Let i(p) = 3*p - 8. Let f be i(10). Let x = f + -6. What are the prime factors of x?
2
Let r(b) = b**3 - 2*b**2 - 4*b - 1. List the prime factors of r(4).
3, 5
Let t = 464 - 299. Suppose -t = -2*s - 3*s. What are the prime factors of s?
3, 11
Let z be 222/9*1*-3. Let u = -5 + 3. List the prime factors of z/(-6) + u/6.
2, 3
Let d = -19 + 27. What are the prime factors of d?
2
Let r = 5 - 0. List the prime factors of r.
5
Suppose 67 = -5*o + 2*h, -h - 20 = -5*o - 91. Suppose w = -0 - 4. List the prime factors of (-171)/o + w/10.
11
Let w(b) = 237*b**3 + b**2 - b - 1. What are the prime factors of w(1)?
2, 59
Suppose -20 = 2*a - 6*a - 2*w, -4*a - 8 = -5*w. Suppose 0 = -3*i + 12 + a. Suppose 3*l - i*m - 20 = -2*l, -2*m - 11 = -3*l. What are the prime factors of l?
3
Suppose 0 = -5*g + 20 - 0. Let h be 93/(-7) + g/14. Let u = h - -25. List the prime factors of u.
2, 3
Suppose -4*t = 2*c + c + 96, -5*t + 69 = -3*c. What are the prime factors of (c - 13)*(-2)/2?
41
Suppose -3*c + 37 = -2*a - 3*a, 0 = c - 2*a - 12. Let k = c + -11. What are the prime factors of k?
3
Let t = 4 - -24. Suppose -10*p - t = -14*p. What are the prime factors of p?
7
Suppose -6*s - 562 = -8*s. What are the prime factors of s?
281
Suppose 39*c = 38*c + 116. List the prime factors of c.
2, 29
Suppose -2*k - 2*k = 36. Let r = k + 0. Let h = r + 18. List the prime factors of h.
3
Let o = 13 + 0. Suppose -v + o = -0*v. What are the prime factors of v?
13
Let z(o) = -o + 1. List the prime factors of z(-2).
3
Let r be -1*(-6 - (-1 - 0)). List the prime factors of r/((-10)/4) + 11.
3
List the prime factors of 2*(-1)/4 + 14252/56.
2, 127
Let h(f) be the first derivative of 3*f**2 - 6*f + 1. Let y be h(4). Let o = y - 10. List the prime factors of o.
2
List the prime factors of (-34 + 37)/(1/71).
3, 71
Let z = 18 - 14. Suppose -3*q - 6 = -q, -2*x + z*q = -120. What are the prime factors of x?
2, 3
Let w = 10 - 6. Suppose -w*m + 2 = -6. List the prime factors of (-2)/m*-8*1.
2
Let s(w) = -w**3 + 4*w**2 + 2*w - 4. Let g be s(4). Suppose -3*t = t + 3*p - 26, -g*t + p + 34 = 0. What are the prime factors of t?
2
Suppose -4*d + 46 = 4*f - 22, 0 = -2*f. Suppose 2*r = d - 5. List the prime factors of r.
2, 3
Suppose 0 = -i - 0*i. Suppose i = -3*s + s + 4. Suppose s*l = 3 + 3. List the prime factors of l.
3
Suppose -5 = 3*w + 1. Let x(v) = v**2 - v. What are the prime factors of x(w)?
2, 3
Let o = 243 + -137. What are the prime factors of o?
2, 53
Let k = 8 - 5. What are the prime factors of k?
3
Suppose 3*a + x - 5 = 2, 5*x + 13 = a. List the prime factors of a.
3
Let a(z) = z**3 - 7*z + 4*z + 6*z**2 + 0 - 4. What are the prime factors of a(-6)?
2, 7
Let z = -8 - -18. List the prime factors of z + (0 + -1)*2.
2
Suppose 4*j = -0*l + 3*l + 156, -2*j + 92 = -5*l. List the prime factors of j.
2, 3
Suppose -2*b + 70 + 72 = 0. What are the prime factors of b?
71
Let y = -15 + 8. Let q = -9 - y. What are the prime factors of q/4*-26 + -3?
2, 5
Let a be ((-112)/(-12))/(2/6). Suppose m = -3*y + 44, 5*y - 100 = -m - a. What are the prime factors of y/2*18/7?
2, 3
Let f = 3 - 3. Suppose f = -2*y + 3*v + 18, -2*y = 2*v + v - 18. What are the prime factors of y?
3
Let m = -204 + 360. What are the prime factors of m?
2, 3, 13
Let v be 8 - (-3 + (2 - -4)). Suppose v*b - 42 = -b. List the prime factors of b.
7
Suppose -t + 15 = -4*m, -2*m = t + 3*m + 21. Let h(q) = -q**2 - q. Let k be h(t). Let d = 5 - k. List the prime factors of d.
5
Let n be (-3 + 5)*(-1)/(-2). What are the prime factors of (-2 - -6)/(n/4)?
2
List the prime factors of (-241)/(-4) + 5/(-20).
2, 3, 5
Let q = 180 - 68. What are the prime factors of q?
2, 7
Suppose -2*g = 4*g - 462. What are the prime factors of g?
7, 11
Let v(p) be the first derivative of 4*p**2 - 9*p + 4. Let d be v(7). Suppose 5*l - 5*f + 2*f - d = 0, l = 2*f + 15. What are the prime factors of l?
7
Suppose 6*h - 63 = 5*h. List the prime factors of h.
3, 7
Let n = -2 + 13. What are the prime factors of n?
11
Let l(o) = -o**2 - 13*o - 6. What are the prime factors of l(-11)?
2
Suppose 4*m + 10 = 2*m. Let q = 0 - m. List the prime factors of q.
5
What are the prime factors of ((-176)/(-24) - 6)/(4/102)?
2, 17
Let u(m) = m**3 + 4*m**2 + 3*m + 5. Let d be u(-4). Let q(t) = -t**3 - 8*t**2 - 10*t - 3. Let s be q(d). What are the prime factors of s - -1*(3 - 0)?
3, 7
Let i(c) be the first derivative of c**3/3 + 2*c**2 + 7*c + 6. What are the prime factors of i(-3)?
2
Let r(m) = m - 6. Let o = 21 + -13. List the prime factors of r(o).
2
What are the prime factors of (-1)/(-1)*(-3 + 6)?
3
What are the prime factors of 1320/21 - 1/(-7)?
3, 7
Let y be (9 + -6)*8/6. Suppose y*v = 2*v + 64. List the prime factors of v.
2
Let n(c) = -c**3 - 5*c**2 - 8*c - 11. What are the prime factors of n(-4)?
5
Suppose 7*k - 1037 = 27. List the prime factors of k.
2, 19
Let q(t) = t**3 - 16*t**2 - 13*t - 18. Suppose 2*s - 9 = 25. List the prime factors of q(s).
2, 5
Let v(x) = -x**2 + 6*x - 4. Let l be v(3). Suppose l*p - 5*h = 40, 0*p - 2*p = h - 13. What are the prime factors of p?
7
Let o(n) = 4*n**2 + n + 1. Let m be ((-16)/12)/((-1)/6). Suppose 0 = -2*k - v, -k - 5*v + m = k. What are the prime factors of o(k)?
2
Let j be 476/77 + 2/(-11). Let d = j - -1. List the prime factors of d.
7
What are the prime factors of (-92*5)/(-2)*(-14)/(-28)?
5, 23
Let c(p) = p**3 + 7*p**2 + 3*p - 2. Let s be c(-5). Suppose -v + 4*v - s = 0. What are the prime factors of v?
11
Let d be (6 + 4)*(-16)/5. Let s = 49 + d. List the prime factors of s.
17
Suppose -2 = 4*s - 2*q - 0, -q = 4*s + 17. Let z be 4/s*6/(-4). Suppose 51 = g + 4*g + w, 0 = z*g - 2*w - 30. What are the prime factors of g?
11
Let u = -41 + 16. Let t = u - -54. What are the prime factors of t?
29
Let k(w) = w**2 + 3*w + 1. Let j be k(-4). What are the prime factors of 71/j + (-28)/(-35)?
3, 5
Suppose 0 = 3*g + g + 104. Let i = g + 45. What are the prime factors of i?
19
Suppose 0 = -3*i + 16 + 2. Suppose 0*z = 4*z + 16. List the prime factors of ((-6)/z)/(1/i).
3
Let w be (5 + -4)*2*2. Suppose 2*v + 2*v - w*h - 92 = 0, -5*h = 5*v - 95. What are the prime factors of v?
3, 7
What are the prime factors of 6/3 - 8/(-1)?
2, 5
Suppose -p = -1, 2*p = v - 2*p - 10. List the prime factors of v.
2, 7
List the prime factors of (-1)/((-2)/(-17))*-4.
2, 17
Let k = 11 + -9. Suppose k*t - 4 = t. What are the prime factors of t?
2
Let f = 138 - -218. What are the prime factors of f?
2, 89
Let v(y) = -y**3 - 4*y**2 + 10*y + 2. List the prime factors of v(-8).
2, 89
Let g = 6 - 1. Suppose -4*q + 4*y + 0 = -8, -q - 22 = 5*y. Let p = g - q. What are the prime factors of p?
7
Let y(a) = a**3 + 13*a**2 + 17*a + 14. List the prime factors of y(-11).
3, 23
Let m = 3 + -2. Suppose 4*l - 3*h = 5, l - 5*h = -l - m. List the prime factors of l.
2
Let t(r) = 5*r + 2. Let w be t(-8). Let c = w - -61. List the prime factors of c.
23
What are the prime factors of 34/6 - (-30)/(-45)?
5
Suppose -7 = -2*t + 27. List the prime factors of t.
17
What are the prime factors of (2 + -5)*(-4)/3?
2
Suppose 27 = 3*d - 3*b, 8 = -2*d + 5*b + 41. Let a(p) = p**3 + p. Let g(t) = 5*t**3 + t**2 + 5*t - 3. Let o(z) = d*a(z) - g(z). List the prime factors of o(0).
3
Let d(c) = -4*c + 30. What are the prime factors of d(0)?
2, 3, 5
Suppose -4*c - 114 - 10 = 0. Let s = -20 - c. What are the prime factors of s?
11
Suppose -7*k + 19*k - 2760 = 0. What are the prime factors of k?
2, 5, 23
Let m = 6 + -4. Suppose m*g = -5*p - 3, -g - 2 = -p + 